{"id":286,"date":"2016-10-31T13:17:59","date_gmt":"2016-10-31T16:17:59","guid":{"rendered":"https:\/\/isfdyt57-bue.infd.edu.ar\/sitio\/?page_id=286"},"modified":"2026-03-30T18:05:38","modified_gmt":"2026-03-30T21:05:38","slug":"inicio","status":"publish","type":"page","link":"https:\/\/isfdyt57-bue.infd.edu.ar\/sitio\/","title":{"rendered":"T\u00edtulo Secundario"},"content":{"rendered":"\n<h1 class=\"wp-block-heading\" style=\"text-align: center;\">INSCRIPCI\u00d3N 2026 A PARTIR DEL 1\u00ba DE DICIEMBRE DEL 2025<\/h1>\n<h1 class=\"wp-block-heading has-text-align-center has-accent-color has-text-color\" style=\"text-align: center;\"><span style=\"color: #333399;\">I.S.F.D. y T. N\u00ba 57<\/span><\/h1>\n<p><span style=\"color: #333399;\">\n\n<\/span><\/p>\n<h1 class=\"wp-block-heading has-text-align-center has-accent-color has-text-color\" style=\"text-align: center;\"><span style=\"color: #333399;\"><strong>\u201cJuana Paula Manso\u201d<\/strong><\/span><\/h1>\n<p><span style=\"color: #333399;\">\n\n<\/span><\/p>\n<h1 class=\"wp-block-heading has-text-align-center has-accent-color has-text-color\" style=\"text-align: center;\"><span style=\"color: #333399;\"><strong>INSCRIPCI\u00d3N A CARRERAS 202<\/strong>6<\/span><\/h1>\n<p><span style=\"color: #333399;\">\n\n<\/span><\/p>\n<h1 class=\"wp-block-heading has-text-align-center has-accent-color has-text-color\" style=\"text-align: center;\"><span style=\"color: #333399;\"><strong>(T\u00cdTULOS OFICIALES)<\/strong>\u00a0<\/span><\/h1>\n\n\n\n<h2 class=\"wp-block-heading has-text-align-center has-accent-color has-text-color\"><span style=\"color: #333399;\"><strong><u>CARRERAS:<\/u><\/strong><\/span><\/h2>\n\n\n\n<ul>\n<li><strong>ESORADO DE ED<strong>PROF<\/strong>UCACI\u00d3N INICIAL (4 A\u00d1OS) RES. N\u00b0 4154\/07.<\/strong><\/li>\n\n\n\n<li><strong>CURSO DE FORMACI\u00d3N B\u00c1SICA EN INGL\u00c9S (1 A\u00d1O) RES: 1883\/99\u00a0<\/strong><\/li>\n\n\n\n<li><strong>TECNICATURA SUPERIOR EN ENFERMER\u00cdA (3 A\u00d1OS) RES: 854\/16.<\/strong><\/li>\n\n\n\n<li><strong>TECNICATURA SUPERIOR EN CIENCIA DE DATOS E INTELIGENCIA ARTIFICIAL (3 A\u00d1OS) RES:2730\/22<\/strong><\/li>\n\n\n\n<li><strong>TECNICATURA SUPERIOR EN ACOMPA\u00d1AMIENTO TERAP\u00c9UTICO (3 A\u00d1OS) RES: 1221\/15.<\/strong><\/li>\n\n\n\n<li><strong>TECNICATURA SUPERIOR EN ADMINISTRACI\u00d3N FINANCIERA (3 A\u00d1OS) RES: 456\/23.<\/strong><\/li>\n<\/ul>\n\n\n\n<h2 class=\"has-text-align-center has-accent-color has-text-color has-large-font-size\"><span style=\"color: #333399;\"><strong><u>HORARIOS DE CURSADA:<\/u><\/strong><\/span><\/h2>\n\n\n\n<h3 class=\"wp-block-heading\"><strong>Lunes a viernes de 17:30 a 21:40 hs.\u00a0<\/strong><\/h3>\n\n\n\n<p><strong>Las pr\u00e1cticas docentes y profesionalizantes se realizan en contra turno. Pod\u00e9s consultar la estructura curricular<\/strong> <a href=\"https:\/\/isfdyt57-bue.infd.edu.ar\/sitio\/wp-admin\/post.php?post=1798&amp;action=edit\">aqu\u00ed<\/a><\/p>\n\n\n<div class=\"wp-block-image\">\n<figure class=\"aligncenter\"><img decoding=\"async\" loading=\"lazy\" width=\"711\" height=\"169\" class=\"wp-image-2345 aligncenter\" src=\"https:\/\/isfdyt57-bue.infd.edu.ar\/sitio\/wp-content\/uploads\/2024\/12\/Vacantes.jpg\" alt=\"\" \/><\/figure><\/div>\n\n\n<h2 class=\"wp-block-heading has-text-align-center has-accent-color has-text-color\"><span style=\"color: #333399;\"><strong><u>PROCEDIMIENTO:<\/u><\/strong><\/span><\/h2>\n\n\n\n<p><strong>Los aspirantes a las distintas carreras del Instituto Superior de Formaci\u00f3n Docente y T\u00e9cnica N\u00ba 57 realizar\u00e1n su inscripci\u00f3n en 3 etapas:<\/strong><\/p>\n\n\n\n<p><strong><u>1\u00b0 Etapa<\/u><\/strong><strong>: Preinscripci\u00f3n online a trav\u00e9s del formulario de la carrera.<\/strong><\/p>\n\n\n\n<p><strong><u>2\u00b0 Etapa<\/u><\/strong><strong>: realizada la preinscripci\u00f3n, recibir\u00e1n un mail en su casilla de correo con las indicaciones para conformar su legajo virtual. (Documentaci\u00f3n personal digitalizada).<\/strong><\/p>\n\n\n\n<p><strong><u>3\u00b0 Etapa<\/u><\/strong><strong>: chequeo de la documentaci\u00f3n en papel. Deber\u00e1n concurrir con la documentaci\u00f3n ORIGINAL solicitada.<\/strong><\/p>\n\n\n\n<h2 class=\"wp-block-heading\"><strong><u>1\u00ba ETAPA<\/u><\/strong><strong>: Inscripci\u00f3n Institucional (A partir de diciembre del 2025).<\/strong><\/h2>\n\n\n\n<p>El futuro estudiante deber\u00e1 contar\u00a0<strong>OBLIGATORIAMENTE<\/strong>\u00a0con una cuenta de correo electr\u00f3nico de\u00a0<strong>Gmail, <\/strong>de su propiedad, recordamos que el usuario sea adecuado para la comunicaci\u00f3n en una instituci\u00f3n educativa.<\/p>\n\n\n\n<h2 class=\"wp-block-heading\"><strong>Seleccionar el Formulario Institucional online:\u00a0<\/strong><\/h2>\n\n\n\n<h5 class=\"wp-block-heading\"><strong>El env\u00edo de este formulario institucional, NO SIGNIFICA que est\u00e9 ya inscripto\/a; s\u00f3lo tendr\u00e1 su vacante al terminar con la 3\u00b0 etapa de la inscripci\u00f3n (chequeo de la documentaci\u00f3n en papel).<\/strong><\/h5>\n<ul>\n<li style=\"list-style-type: none;\">\n\n\n<h2 class=\"has-text-align-center has-accent-color has-text-color has-large-font-size\">\u00a0<\/h2>\n<\/li>\n<\/ul>\n<!-- \/wp:list -->\n\n<!-- wp:heading -->\n<h2 class=\"wp-block-heading\"><strong><u>2\u00ba ETAPA<\/u><\/strong><strong>:\u00a0<\/strong><\/h2>\n<!-- \/wp:heading -->\n\n<!-- wp:paragraph -->\n<p><strong>Recibir\u00e1n un mail en su casilla de correo con las indicaciones para conformar su legajo virtual. (Documentaci\u00f3n personal digitalizada). <\/strong><strong>La documentaci\u00f3n debe ser cargada lo antes posible para asegurar su vacante<\/strong><strong>.<\/strong><\/p>\n<!-- \/wp:paragraph -->\n\n<!-- wp:paragraph -->\n<p><strong>A continuaci\u00f3n, est\u00e1 la lista de requisitos para que puedan ir preparando los archivos digitales con tiempo (im\u00e1genes en formato jpg):<\/strong><\/p>\n<!-- \/wp:paragraph -->\n\n<!-- wp:paragraph -->\n<p><strong>1) DNI<\/strong><strong>\u00a0 (frente y dorso)<\/strong><\/p>\n<!-- \/wp:paragraph -->\n\n<!-- wp:paragraph -->\n<p><strong>2) T\u00edtulo de Escuela Secundaria \/ C<\/strong><strong>onstancia de t\u00edtulo en tr\u00e1mite \/ Constancia de alumno regular con materias adeudadas.<\/strong><\/p>\n<!-- \/wp:paragraph -->\n\n<!-- wp:paragraph -->\n<p><strong>3) Partida de Nacimiento.<\/strong><\/p>\n<!-- \/wp:paragraph -->\n\n<!-- wp:paragraph -->\n<p><strong>4) Certificado de buena salud.<\/strong><\/p>\n<!-- \/wp:paragraph -->\n\n<!-- wp:paragraph --><!-- \/wp:paragraph -->\n\n<!-- wp:paragraph -->\n<p><strong>La TECNICATURA SUPERIOR EN ENFERMER\u00cdA deber\u00e1n cumplimentar el\u00a0Examen cl\u00ednico, psicol\u00f3gico, fonoaudiol\u00f3gico y odontol\u00f3gico a lo largo de la trayectoria educativa.<\/strong><\/p>\n<!-- \/wp:paragraph -->\n\n<!-- wp:paragraph -->\n<p><strong>No se necesita ninguna planilla para la realizaci\u00f3n de los certificados.<\/strong><\/p>\n<!-- \/wp:paragraph -->\n\n<!-- wp:paragraph --><!-- \/wp:paragraph -->\n\n<!-- wp:heading {\"level\":4} -->\n<h3 class=\"wp-block-heading\"><a href=\"https:\/\/www.youtube.com\/watch?v=qS0rPK-YZYY&amp;feature=youtu.be\"><strong>ATENCI\u00d3N:<\/strong> video tutorial para subir la documentaci\u00f3n digitalizada al drive<\/a><\/h3>\n<!-- \/wp:heading -->\n\n<!-- wp:heading -->\n<h2 class=\"wp-block-heading\"><strong><u>3\u00b0 ETAPA<\/u><\/strong><strong>: <\/strong><strong>chequeo de toda la documentaci\u00f3n en papel.<\/strong><\/h2>\n<!-- \/wp:heading -->\n\n<!-- wp:paragraph -->\n<h5><strong>Recibir\u00e1n un mail en su casilla de correo con d\u00eda y hora para presentarse en el insituto\u00a0<\/strong><strong>\u00a0con la documentaci\u00f3n ORIGINAL solicitada y la planilla de solicitud de inscripci\u00f3n impresa y completa con tus datos: <a href=\"https:\/\/drive.google.com\/file\/d\/1lcO7rnqRUD_dbDve_hv24p4YluMJ-Ha8\/view?usp=sharing\">https:\/\/drive.google.com\/file\/d\/1lcO7rnqRUD_dbDve_hv24p4YluMJ-Ha8\/view?usp=sharing<\/a><\/strong><\/h5>\n<h5><!-- \/wp:paragraph -->\n\n<!-- wp:heading {\"level\":4} --><\/h5>\n<h5 class=\"wp-block-heading\"><strong>OBSERVACIONES: No se controlar\u00e1 documentaci\u00f3n a quien no la haya cargado al drive enviado en la 2\u00b0 Etapa.<\/strong><\/h5>\n<!-- \/wp:heading -->\n\n<p><a href=\"https:\/\/isfdyt57-bue.infd.edu.ar\/sitio\/biblioteca-maria-elena-walsh\/\"><img decoding=\"async\" loading=\"lazy\" class=\"size-medium wp-image-2017 aligncenter\" src=\"https:\/\/isfdyt57-bue.infd.edu.ar\/sitio\/wp-content\/uploads\/2024\/08\/Biblioteca2-1000x1000.jpeg\" alt=\"\" width=\"1000\" height=\"1000\" srcset=\"https:\/\/isfdyt57-bue.infd.edu.ar\/sitio\/wp-content\/uploads\/2024\/08\/Biblioteca2-1000x1000.jpeg 1000w, https:\/\/isfdyt57-bue.infd.edu.ar\/sitio\/wp-content\/uploads\/2024\/08\/Biblioteca2-500x500.jpeg 500w, https:\/\/isfdyt57-bue.infd.edu.ar\/sitio\/wp-content\/uploads\/2024\/08\/Biblioteca2-768x768.jpeg 768w, https:\/\/isfdyt57-bue.infd.edu.ar\/sitio\/wp-content\/uploads\/2024\/08\/Biblioteca2.jpeg 1080w\" sizes=\"(max-width: 1000px) 100vw, 1000px\" \/><\/a><\/p>\n\n<h5 style=\"text-align: center;\">Invitamos a recorrer el Archivo Sonoro de la Regi\u00f3n 17<br \/>\u00a0Este proyecto busca recuperar el sonido como recurso did\u00e1ctico valioso, en este caso incorporando sonidos del Medioambiente de la Cuenca del Salado.<\/h5>\n<p><a href=\"https:\/\/padlet.com\/referentecendieregion17\/sonidos-desde-la-cuenca-del-salado-4nix79b55majro80\"><img decoding=\"async\" loading=\"lazy\" class=\"size-full wp-image-2111 aligncenter\" src=\"https:\/\/isfdyt57-bue.infd.edu.ar\/sitio\/wp-content\/uploads\/2024\/11\/Sonidos.jpg\" alt=\"\" width=\"670\" height=\"52\" \/><\/a><\/p>\n\n<p><img decoding=\"async\" loading=\"lazy\" class=\"alignnone size-medium wp-image-1718 aligncenter\" src=\"https:\/\/isfdyt57-bue.infd.edu.ar\/sitio\/wp-content\/uploads\/2023\/05\/Asamblea-Anual-707x1000.jpeg\" alt=\"\" width=\"707\" height=\"1000\" srcset=\"https:\/\/isfdyt57-bue.infd.edu.ar\/sitio\/wp-content\/uploads\/2023\/05\/Asamblea-Anual-707x1000.jpeg 707w, https:\/\/isfdyt57-bue.infd.edu.ar\/sitio\/wp-content\/uploads\/2023\/05\/Asamblea-Anual-768x1086.jpeg 768w, https:\/\/isfdyt57-bue.infd.edu.ar\/sitio\/wp-content\/uploads\/2023\/05\/Asamblea-Anual-1086x1536.jpeg 1086w, https:\/\/isfdyt57-bue.infd.edu.ar\/sitio\/wp-content\/uploads\/2023\/05\/Asamblea-Anual.jpeg 1131w\" sizes=\"(max-width: 707px) 100vw, 707px\" \/><\/p>\n\n<img decoding=\"async\" loading=\"lazy\" class=\"size-medium wp-image-1279 aligncenter\" src=\"https:\/\/isfdyt57-bue.infd.edu.ar\/sitio\/wp-content\/uploads\/2021\/06\/ISFDyTN57-59-a\u00f1os-1000x709.jpeg\" alt=\"\" width=\"1000\" height=\"709\" srcset=\"https:\/\/isfdyt57-bue.infd.edu.ar\/sitio\/wp-content\/uploads\/2021\/06\/ISFDyTN57-59-a\u00f1os-1000x709.jpeg 1000w, https:\/\/isfdyt57-bue.infd.edu.ar\/sitio\/wp-content\/uploads\/2021\/06\/ISFDyTN57-59-a\u00f1os-768x545.jpeg 768w, https:\/\/isfdyt57-bue.infd.edu.ar\/sitio\/wp-content\/uploads\/2021\/06\/ISFDyTN57-59-a\u00f1os.jpeg 1280w\" sizes=\"(max-width: 1000px) 100vw, 1000px\" \/>\n\n<img decoding=\"async\" loading=\"lazy\" class=\"size-medium wp-image-1101 aligncenter\" src=\"https:\/\/isfdyt57-bue.infd.edu.ar\/sitio\/wp-content\/uploads\/2020\/12\/pr\u00f3ximos-a-egresar-final-30-12-707x1000.jpg\" alt=\"\" width=\"707\" height=\"1000\" srcset=\"https:\/\/isfdyt57-bue.infd.edu.ar\/sitio\/wp-content\/uploads\/2020\/12\/pr\u00f3ximos-a-egresar-final-30-12-707x1000.jpg 707w, https:\/\/isfdyt57-bue.infd.edu.ar\/sitio\/wp-content\/uploads\/2020\/12\/pr\u00f3ximos-a-egresar-final-30-12-768x1086.jpg 768w, https:\/\/isfdyt57-bue.infd.edu.ar\/sitio\/wp-content\/uploads\/2020\/12\/pr\u00f3ximos-a-egresar-final-30-12-1343x1900.jpg 1343w, https:\/\/isfdyt57-bue.infd.edu.ar\/sitio\/wp-content\/uploads\/2020\/12\/pr\u00f3ximos-a-egresar-final-30-12.jpg 1587w\" sizes=\"(max-width: 707px) 100vw, 707px\" \/>\n\n<img decoding=\"async\" loading=\"lazy\" style=\"margin-right: auto; margin-left: auto; display: block;\" title=\"imagen instituto\" src=\"https:\/\/isfdyt57-bue.infd.edu.ar\/sitio\/wp-content\/uploads\/2018\/08\/01_1.jpg\" alt=\"imagen instituto\" width=\"402\" height=\"231\" border=\"0\" \/>\n<table id=\"table1\" style=\"width: 100%;\" border=\"1\" cellspacing=\"0\" cellpadding=\"10\" align=\"center\">\n<tbody>\n<tr>\n<td style=\"border: 1px solid;\">\n<p style=\"margin: 0cm 0cm 0pt; text-indent: 35.45pt; line-height: 150%; text-align: justify;\"><span style=\"color: #000000; font-family: Arial;\">El Instituto Superior de\u00a0Formaci\u00f3n Docente y T\u00e9cnica N\u00b0 57 de Chascom\u00fas, es una\u00a0instituci\u00f3n\u00a0perteneciente a la Regi\u00f3n XVII, dependiente del Sistema Educativo, gestionada por el Estado de la Provincia de Buenos Aires.<\/span><\/p>\n<p style=\"margin: 0cm 0cm 0pt; text-indent: 35.45pt; line-height: 150%; text-align: justify;\"><span style=\"color: #000000; font-family: Arial;\">A trav\u00e9s de este sitio en Internet, nuestro Instituto comunicar\u00e1 novedades, acercar\u00e1 informaci\u00f3n, compartir\u00e1 experiencias y brindar\u00e1 apoyo y asesoramiento a alumnos, docentes e interesados en formar parte de esta comunidad educativa.<\/span><\/p>\n<p class=\"MsoNormal\" style=\"margin: 0cm 0cm 0pt; text-indent: 35.45pt; line-height: 150%; text-align: justify;\"><span style=\"color: #000000; font-family: Arial;\">Junto con varios cientos de Institutos, integramos la <em><strong><span style=\"font-family: Arial;\">Red Virtual<\/span><\/strong><\/em><em><strong><span style=\"font-family: Arial;\"> de Institutos Superiores de Formaci\u00f3n Docente<\/span><\/strong><\/em> coordinada por el <strong><span style=\"font-family: Arial;\">INFD<\/span><\/strong> (Instituto Nacional de Formaci\u00f3n Docente) dependiente del Ministerio de Educaci\u00f3n de la Naci\u00f3n Argentina.<\/span><\/p>\n<\/td>\n<\/tr>\n<\/tbody>\n<\/table>\n\n","protected":false},"excerpt":{"rendered":"<p>INSCRIPCI\u00d3N 2026 A PARTIR DEL 1\u00ba DE DICIEMBRE DEL 2025 I.S.F.D. y T. N\u00ba 57 \u201cJuana Paula Manso\u201d INSCRIPCI\u00d3N A CARRERAS 2026 (T\u00cdTULOS OFICIALES)\u00a0 CARRERAS: HORARIOS DE CURSADA: Lunes a viernes de 17:30 a 21:40 hs.\u00a0 Las pr\u00e1cticas docentes y profesionalizantes se realizan en contra turno. Pod\u00e9s consultar la estructura curricular aqu\u00ed PROCEDIMIENTO: Los aspirantes &#8230; <a title=\"T\u00edtulo Secundario\" class=\"read-more\" href=\"https:\/\/isfdyt57-bue.infd.edu.ar\/sitio\/\" aria-label=\"More on T\u00edtulo Secundario\">[+]<\/a><\/p>\n","protected":false},"author":1,"featured_media":0,"parent":0,"menu_order":0,"comment_status":"closed","ping_status":"closed","template":"","meta":[],"acf":[],"_links":{"self":[{"href":"https:\/\/isfdyt57-bue.infd.edu.ar\/sitio\/wp-json\/wp\/v2\/pages\/286"}],"collection":[{"href":"https:\/\/isfdyt57-bue.infd.edu.ar\/sitio\/wp-json\/wp\/v2\/pages"}],"about":[{"href":"https:\/\/isfdyt57-bue.infd.edu.ar\/sitio\/wp-json\/wp\/v2\/types\/page"}],"author":[{"embeddable":true,"href":"https:\/\/isfdyt57-bue.infd.edu.ar\/sitio\/wp-json\/wp\/v2\/users\/1"}],"replies":[{"embeddable":true,"href":"https:\/\/isfdyt57-bue.infd.edu.ar\/sitio\/wp-json\/wp\/v2\/comments?post=286"}],"version-history":[{"count":571,"href":"https:\/\/isfdyt57-bue.infd.edu.ar\/sitio\/wp-json\/wp\/v2\/pages\/286\/revisions"}],"predecessor-version":[{"id":2497,"href":"https:\/\/isfdyt57-bue.infd.edu.ar\/sitio\/wp-json\/wp\/v2\/pages\/286\/revisions\/2497"}],"wp:attachment":[{"href":"https:\/\/isfdyt57-bue.infd.edu.ar\/sitio\/wp-json\/wp\/v2\/media?parent=286"}],"curies":[{"name":"wp","href":"https:\/\/api.w.org\/{rel}","templated":true}]}}