{"id":2176,"date":"2024-11-15T20:48:35","date_gmt":"2024-11-15T23:48:35","guid":{"rendered":"https:\/\/isfdyt57-bue.infd.edu.ar\/sitio\/?page_id=2176"},"modified":"2024-11-21T20:16:01","modified_gmt":"2024-11-21T23:16:01","slug":"especializacion-de-enfermeria-en-salud-mental","status":"publish","type":"page","link":"https:\/\/isfdyt57-bue.infd.edu.ar\/sitio\/especializacion-de-enfermeria-en-salud-mental\/","title":{"rendered":"CERTIFICACI\u00d3N SUPERIOR: ESPECIALIZACI\u00d3N DE ENFERMER\u00cdA EN SALUD MENTAL"},"content":{"rendered":"\n<p><strong>T\u00edtulo:<\/strong> Especializaci\u00f3n de Enfermer\u00eda en Salud Mental<\/p>\n\n\n\n<p><strong>Resoluci\u00f3n:<\/strong> 43\/17 <a href=\"https:\/\/isfdyt57-bue.infd.edu.ar\/sitio\/wp-content\/uploads\/2024\/11\/Plan-Esp-Enfermeria-SaludMental.pdf\">Click aqu\u00ed<\/a><\/p>\n\n\n\n<p>Requisito: ser egresado\/a de enfermer\u00eda profesional, universitaria y\/o Lic. en Enfermer\u00eda.<\/p>\n\n\n\n<p><strong>Sector de actividad socio-productiva: <\/strong>SALUD<br><strong>Familia Profesional:<\/strong> ENFERMER\u00cdA<br><strong>Tipo de Certificado:<\/strong> FORMACI\u00d3N PROFESIONAL CONTINUA<br><strong>Variante:<\/strong> ESPECIALIZACI\u00d3N<br><strong>Modalidad:<\/strong> PRESENCIAL<br><strong>Cantidad de horas:<\/strong> 384 horas<\/p>\n","protected":false},"excerpt":{"rendered":"<p>T\u00edtulo: Especializaci\u00f3n de Enfermer\u00eda en Salud Mental Resoluci\u00f3n: 43\/17 Click aqu\u00ed Requisito: ser egresado\/a de enfermer\u00eda profesional, universitaria y\/o Lic. en Enfermer\u00eda. Sector de actividad socio-productiva: SALUDFamilia Profesional: ENFERMER\u00cdATipo de Certificado: FORMACI\u00d3N PROFESIONAL CONTINUAVariante: ESPECIALIZACI\u00d3NModalidad: PRESENCIALCantidad de horas: 384 horas<\/p>\n","protected":false},"author":396,"featured_media":0,"parent":0,"menu_order":0,"comment_status":"closed","ping_status":"closed","template":"","meta":[],"acf":[],"_links":{"self":[{"href":"https:\/\/isfdyt57-bue.infd.edu.ar\/sitio\/wp-json\/wp\/v2\/pages\/2176"}],"collection":[{"href":"https:\/\/isfdyt57-bue.infd.edu.ar\/sitio\/wp-json\/wp\/v2\/pages"}],"about":[{"href":"https:\/\/isfdyt57-bue.infd.edu.ar\/sitio\/wp-json\/wp\/v2\/types\/page"}],"author":[{"embeddable":true,"href":"https:\/\/isfdyt57-bue.infd.edu.ar\/sitio\/wp-json\/wp\/v2\/users\/396"}],"replies":[{"embeddable":true,"href":"https:\/\/isfdyt57-bue.infd.edu.ar\/sitio\/wp-json\/wp\/v2\/comments?post=2176"}],"version-history":[{"count":3,"href":"https:\/\/isfdyt57-bue.infd.edu.ar\/sitio\/wp-json\/wp\/v2\/pages\/2176\/revisions"}],"predecessor-version":[{"id":2186,"href":"https:\/\/isfdyt57-bue.infd.edu.ar\/sitio\/wp-json\/wp\/v2\/pages\/2176\/revisions\/2186"}],"wp:attachment":[{"href":"https:\/\/isfdyt57-bue.infd.edu.ar\/sitio\/wp-json\/wp\/v2\/media?parent=2176"}],"curies":[{"name":"wp","href":"https:\/\/api.w.org\/{rel}","templated":true}]}}